w - 1. Give t(u).
2
Let a be ((-30)/(-25))/((-3)/(-10)). Suppose k + a = 3*k. Let s(j) = 0*j**2 + 2*j**2 + 1 + 2*j - 4. Calculate s(k).
9
Let h(b) be the first derivative of -3*b**2 + 4. Determine h(1).
-6
Let q(v) be the first derivative of v**5/120 + v**4/12 - v**3/3 + 1. Let i(k) be the third derivative of q(k). Let h = -24 - -20. Determine i(h).
-2
Let d(i) be the first derivative of -1/4*i**4 + 1/30*i**5 + 1 + 0*i**2 + 2/3*i**3 + 1/360*i**6 + 0*i. Let l(v) be the third derivative of d(v). Calculate l(-5).
-1
Let n be 4 - 1 - (10 - 6). Let p(r) = 0 + 2*r**2 - 4 + r**3 + 3. Determine p(n).
0
Let c(x) be the second derivative of -2*x**3/3 - 2*x**2 - 17*x. Determine c(-4).
12
Let b(q) = -q**2 - 8*q + 10. Let g(p) = -3*p**2 - 23*p + 29. Let k(s) = -17*b(s) + 6*g(s). Calculate k(-3).
1
Let b be 3/(((-18)/4)/(-3)). Suppose 0 = -b*p + 10 - 2. Suppose 2 + 2 = p*g. Let a(l) = 3*l. Calculate a(g).
3
Let h(j) be the second derivative of j**4/12 - 2*j**3/3 + j**2 + 41*j. What is h(3)?
-1
Suppose 0 = -4*m - 3*r + 17, 5*m + 2*r = 3*r + 7. Let a(l) = -l + 1. Let z be a(-1). Let g(b) = -z + 2 - b. Calculate g(m).
-2
Let c = -33 - -29. Let j(i) = i**3 + 5*i**2 + 5*i - 2. Give j(c).
-6
Let o(r) = 1 - 10*r - 4 + 2. Let g(f) = f**3 + 10*f**2 + f + 13. Let k be g(-10). Let z be (1/k)/((-6)/18). Determine o(z).
9
Let g(q) = -17*q**3 - 5*q**2 + 5*q + 4. Let n(u) = 18*u**3 + 6*u**2 - 6*u - 5. Let m = 10 - 16. Let w(d) = m*g(d) - 5*n(d). Calculate w(1).
13
Let d(z) = -4*z**2 + 1. Suppose 3*a - 35 = -2*a. Suppose -1 = -a*k - 8. Calculate d(k).
-3
Let f(d) be the third derivative of -d**8/10080 - d**5/30 - 5*d**2. Let u(r) be the third derivative of f(r). Calculate u(-1).
-2
Let a(w) be the third derivative of w**6/120 - w**5/12 - w**4/4 + 2*w**3/3 + w**2. Suppose 30 = -l + 6*l. Calculate a(l).
4
Let p(v) = v**2 + 4*v + 2. Let o(u) = 4*u**3 + u + 1. Let n be o(-1). Give p(n).
2
Let a(c) = 3*c**3 + 3*c**2 + 5*c + 9. Let n(h) = h**3 + 2*h**2 + 3*h + 5. Let w(p) = -2*a(p) + 5*n(p). Let u be (-84)/(-18) - 1/(-3). Give w(u).
7
Let w(b) = 4*b - 12. Let s(j) = 13*j - 36. Let m(h) = -2*s(h) + 7*w(h). Calculate m(8).
4
Let g(f) = -5*f**2 - 9*f + 1. Let a(r) = -3*r**2 - 5*r + 1. Let p(v) = -7*a(v) + 4*g(v). Suppose -5*z = 5*c + 10, -2*c - 1 = 5*z + 9. Calculate p(c).
-3
Suppose h - 5*g + 19 = -0*h, 8 = 2*g. Let s(n) = 0*n + 3*n - h + 0 + 3. Suppose -u + 3 = -2*d, 3*d - 4*u + 4 = -2*u. Give s(d).
-4
Suppose -3*u + 33 = 3*n, 2*u - 3*n + 4 - 1 = 0. Suppose 0*c - u = 3*c. Let f(l) be the second derivative of l**3/6 + l**2 - l. Calculate f(c).
0
Let y(i) = -5*i**3 + 5*i**2 + 6*i - 4. Let u(g) = -9*g**3 + 9*g**2 + 11*g - 7. Let w(x) = 3*u(x) - 5*y(x). What is w(3)?
-28
Let a(z) = z - 13. Let l(f) = 3*f - 40. Let p(g) = -7*a(g) + 2*l(g). What is p(11)?
0
Let t(z) = 1. Let i(h) = h - 17. Let p(c) = i(c) + 5*t(c). Calculate p(6).
-6
Let u(w) = -21*w. Let r(h) = 10*h. Let p(v) = 9*r(v) + 4*u(v). Suppose 0*i - 11 = 3*i + 2*x, -4*i - 2*x - 14 = 0. Let t be (i - -1)*1/2. Give p(t).
-6
Let t(g) = 6*g**2 + 14*g + 3. Let k(i) = 2*i**2 + 5*i + 1. Let o(a) = 11*k(a) - 4*t(a). Give o(-3).
-16
Let q(h) = h**3 - 7*h**2 + 3*h. Let v(u) = -u - 1. Let w(y) = q(y) + 2*v(y). What is w(7)?
5
Let b be (-2 - 7)*4/(-9). Let u(k) = -k**2 + 6*k + 3. Give u(b).
11
Let v(u) = 5*u**2 - 5*u - 5. Let q(c) = c**2 - c - 1. Let k(o) = -4*q(o) + v(o). Suppose -m = 4*z - 11, 3*z - 3 = 3. Determine k(m).
5
Let s(j) be the second derivative of j**4/12 + 2*j**3/3 + 3*j**2/2 + j + 10. Let k be 2/4 - (-11)/(-2). Calculate s(k).
8
Let j(q) = -q + 5. Let r be (-1)/(2 - (1 - 0)). Let x be 2/(-1) - r/1. Let i = x + -4. Determine j(i).
10
Let n(c) be the third derivative of 4*c**2 + 1/24*c**4 + c**3 + 0 + 0*c. Determine n(-7).
-1
Let t be 8/(-5) + 4/(-10). Let s(k) = 5 - 6*k - 5 + 3*k + 2. What is s(t)?
8
Let i(s) = s**3 + 5*s**2 - 8*s - 6. Let m be (-1 + 3)/((28/(-12))/7). Calculate i(m).
6
Suppose 8 = -2*v - 3*x, -v - v + 2*x + 12 = 0. Let z(j) = -j**2 - 3*j**v + j**3 + 2*j - 2*j**3 - 3 + 2*j**3. Give z(3).
-6
Let d(t) = 3*t + 3*t**2 + 0 - 5*t - 1. Let o be 2/(-1) + (7 - 2). Let b(s) = -s + 2. Let g be b(o). Calculate d(g).
4
Let k be (-2)/4*110/(-11). Let x(n) = k*n - 7*n - 3 + n. Suppose -4*h + 2*t = 24, 0 = h + 8*t - 3*t - 5. Give x(h).
2
Let r(v) = -6*v**3 + 3*v**2 - 11*v + 10. Let s(o) = -5*o**3 + 3*o**2 - 10*o + 9. Let b(a) = 6*r(a) - 7*s(a). Determine b(-4).
-3
Let j = 2 + -1. Let z(l) = 4*l**2 - 7*l - 6*l**2 + 14*l - 6*l. Determine z(j).
-1
Let a(g) = -g**2 + 7*g + 7. Let v(z) = -1. Let k(d) = a(d) + 6*v(d). Let q = 18 + -14. Calculate k(q).
13
Let h(a) = -a**2 + 4*a + 2. Suppose 3*s + 8 - 20 = 0. Let i = 6 - s. Suppose 6*x - 3*x = -3*l + 15, -3*l + i*x + 10 = 0. Calculate h(l).
2
Let q(j) = 2*j - 6. Let g(m) = m**2 + 10*m + 6. Let w be g(-10). Give q(w).
6
Let w(p) = p**2 - p - 4. Let c be w(4). Suppose v + c = 5*v. Let h(m) = -3*m + 2. Give h(v).
-4
Let d = 2 + -2. Let v(z) = -3*z + 15. Let x(y) = -y + 5. Let w(r) = -2*v(r) + 7*x(r). Let q(h) = -h + 4. Let s(t) = -7*q(t) + 6*w(t). Calculate s(d).
2
Let m = 13 - 8. Let y(v) = v**2 - 3*v - 5. Determine y(m).
5
Let d(c) = -c**2 - 6*c - 1. Let z be d(-5). Let x = 0 + 2. Let k(s) = x - 4 + s + 0. Calculate k(z).
2
Let b(a) = a**3 + a + 4. Suppose 0 = 4*n - 3*c - 15, -n + 5 = -3*n - c. Give b(n).
4
Let r(u) be the second derivative of -u**3/6 + 3*u**2/2 + u. Suppose j = 3*a, -a + 9 = 2*j - 5. Give r(j).
-3
Suppose 0 = h, -5*h + 5 + 3 = 2*a. Let n(m) = 0*m + 2 - a*m + 3*m. Give n(-4).
6
Suppose -4*h + 1 = 13. Let k = -1 - -4. Let b(d) = 5 + 4*d - 2 - k*d. Give b(h).
0
Let m(i) = i - 2. Let v = 26 + -29. Give m(v).
-5
Let o(d) = -25*d**2 + 17*d + 13. Let g(b) = -6*b**2 + 4*b + 3. Let v(h) = -9*g(h) + 2*o(h). Determine v(2).
11
Let k(s) = 2*s + 11. Let y(x) = x + 5. Let a(c) = -3*k(c) + 5*y(c). What is a(-8)?
0
Suppose 0 = -5*v - 1 - 9. Suppose 3*h = -0*h + 6. Let z(t) = -t**2 + 1 + 2*t**3 + 3*t - 5*t**3 + h*t**3 + 0*t**2. Calculate z(v).
-1
Let l(g) = -7*g**3 + 9*g**2 - 5*g - 5. Let m(w) = -6*w**3 + 8*w**2 - 4*w - 4. Let q(k) = 5*l(k) - 6*m(k). Let x(t) = 3*t - 3. Let u be x(2). Determine q(u).
-4
Suppose 3*s + 30 = -5*g, -4*s = 2*g + 2*g + 32. Let h(f) = -3*f**3 + f. Let m be h(-1). Let z(y) = 2*y**3 + 5*y**2 + m - y**2 - 6 - y - y**3. Determine z(g).
8
Let o(i) = i - 4. Let r(u) = u - 7. Let f(z) = -5*o(z) + 3*r(z). Let x be (-2)/(-10) - 356/(-20). Let n = -22 + x. Calculate f(n).
7
Let u(f) be the first derivative of f**2/2 - 9*f - 1. Suppose 0 = -5*t + 30. What is u(t)?
-3
Let x(n) = -6 - 13 + n + 19. What is x(4)?
4
Let c(f) = f**2 + 2*f - 1. Let v = 3 - 6. What is c(v)?
2
Let g(m) = m - 4. Let o be g(6). Let b(w) be the second derivative of w**4/6 - 2*w**3/3 + 3*w**2/2 + 13*w. Determine b(o).
3
Let m be (4/6)/((-14)/21). Let i(n) = 4*n**2 - n. Determine i(m).
5
Let s(j) = 7*j + 10. Let m(v) = -6*v - 9. Let w(c) = 6*m(c) + 5*s(c). Determine w(0).
-4
Suppose z - 3*b = -8, b = -4*z - 0*b - 45. Let a = z + 13. Let k(t) = t + 1. Calculate k(a).
3
Let i(s) = 4*s**2 - s - 1. Let h = 0 - -2. Suppose 4 + h = 3*x. Let b be 1 - (x - 0/(-2)). Calculate i(b).
4
Let c(t) = t + 1. Let a(h) = -h**2 + h. Let b be a(2). Give c(b).
-1
Let c(t) = 2 + 0 - 2*t - 1 + 11*t**2 - 4*t**2. Suppose -5*h = 2*o - 15, 29 = 4*h + 8*o - 3*o. Calculate c(h).
6
Let d(t) = -5 + 4 + 30*t**2 + 22*t**2 - 44*t**2 - t**3. What is d(8)?
-1
Let p(w) = 0 + 2 - 10*w - 8*w + 17*w. Calculate p(4).
-2
Let d(v) = 0 - 2*v - v**2 - 2 + 2*v**2. Let q(u) = 13 - 11*u - 2*u**2 + 2*u**2 + u**2. Let c be q(10). Determine d(c).
1
Suppose -2*v - 18 = 3*t + 2*v, -3*v - 24 = 4*t. Let i(r) = 5*r**2 - 6*r + 2. Let y(g) = 6*g**2 - 6*g + 2. Let n(x) = 7*i(x) - 6*y(x). Determine n(t).
2
Suppose 23*s + 84 - 15 = 0. Let a(x) = x**3 - 4*x - 5*x**2 + x**3 - 3*x**3. What is a(s)?
-6
Let d(x) be the third derivative of -x**5/60 + x**4/8 + x**2. Let u be -1 + 4 + 2 + 0. Suppose -g - 4*a + 8 = a, 3*a = -u*g + 18. Give d(g).
0
Suppose 0 = -2*v - 0 + 2. Let c(a) be the second derivative of a**6/360 - a**5/60 + a**3/3 + 2*a. Let l(q) be the second derivative of c(q). Determine l(v).
-1
Let g(r) = 3*r**3 - r + 1. Let l = 4 + 7. Let d = -10 + l. Calculate g(d).
3
Let j(b) = -b**2 - b + 2. Let x(u) = -7*u**2 + u**3 + 3*u**3 + 0 - 5*u**3 - 8 